 Let d = 88 - -2. What is the greatest common factor of d and l?
45
Let g(q) = q**3 + 21*q**2 - 24*q + 51. Let p = 137 + -159. Let x be g(p). What is the greatest common divisor of 5 and x?
5
Let z = 69 + 861. What is the greatest common divisor of z and 372?
186
Let b(i) = i**3 - 50*i**2 + 36*i - 1540. Let y be b(50). What is the highest common divisor of 25 and y?
5
Suppose -5*b - 42 = -3*z, -3*z + 17*b = 15*b - 33. Let r(f) = -f + 11. Let p be r(8). Calculate the greatest common factor of z and p.
3
Let d(t) = 12*t - 15. Let f be d(5). Suppose -16*x + 13*x = -f. Calculate the greatest common divisor of x and 195.
15
Let o(x) = 4*x**2 - 92*x - 136. Let n be o(29). What is the greatest common factor of n and 105?
35
Let v(f) = -f. Let t be v(-3). Let a(o) = -21*o**2 - o + 6. Let l be a(t). Let s be 3/(-27)*3*l. Calculate the greatest common divisor of s and 31.
31
Let l(k) = 8*k**2 - 26*k + 31. Let b be l(6). Suppose -10*f = -127 - b. What is the highest common divisor of 493 and f?
29
Let g(z) = 4*z**2 - 10*z**2 + 22*z + 8*z**2 - 15. Let q be g(-13). Calculate the greatest common factor of q and 518.
37
Let s(y) = -y**3 + 10*y**2 + 28*y - 3. Let g be s(8). Suppose 0 = -5*a - g + 1159. Suppose -9*z + a = -198. Calculate the greatest common divisor of z and 320.
40
Let q(h) = 911*h**2 - 20*h + 116. Let v be q(5). What is the greatest common factor of 213 and v?
213
Suppose 2*s = s + 4. Suppose -858 - 814 = -8*n. Let d = -203 + n. What is the greatest common factor of d and s?
2
Suppose 0 = -5*w + 3 + 2, 4*n - 867 = -3*w. Suppose -176*p - 81 = -177*p. What is the greatest common divisor of n and p?
27
Let y(h) = h**3 + 11*h**2 - 37*h - 472. Let q be y(-8). Calculate the greatest common factor of 9944 and q.
8
Let u be (25/(-10))/(-3 + -2 + 138/28). Calculate the highest common factor of 5 and u.
5
Suppose -122*j + 121*j - 200 = -5*w, -160 = -4*w - 2*j. What is the greatest common divisor of w and 8?
8
Suppose -31*a + 33*a = 28. Let m be ((-161)/a)/((-2)/4). Suppose 5*j - 327 - m = 0. What is the highest common factor of j and 10?
10
Suppose 7*n = 111 - 13. Calculate the greatest common divisor of 44 and n.
2
Let k be (-4)/(((-6)/(-7))/(-3)). Let a be (-3722)/(-18) - 4/(-54)*3. Suppose -17*d = a - 1040. What is the highest common factor of d and k?
7
Suppose 0 = 16*o - 12*o + 932. Let q = o + 385. What is the greatest common factor of 8 and q?
8
Let t(a) = 110*a - 235. Let g be t(3). What is the highest common factor of 15 and g?
5
Let t be -1*137*3/(-3). Let d = t + 47. Let m be 4/(-24) - 139/(-6). What is the greatest common factor of d and m?
23
Let x be -8 + 8 + 2/(-1) - -57. Let a = 11 + -8. Suppose -3*i - 16 = -a*p - 2*p, -4*p - 3*i + 29 = 0. What is the highest common divisor of x and p?
5
Suppose -2*w + 2*c = -24, -3*w - c = 1017 - 1049. Let a(l) = -4*l**3 - 2*l**2 + l. Let n be a(-2). What is the greatest common divisor of n and w?
11
Let g(o) = 267*o - 1591. Let n be g(6). Calculate the highest common factor of n and 55.
11
Let i be ((-3)/(-9))/(4/(-24)). Suppose 9 = 4*c + 1. Let g = c - i. Calculate the highest common divisor of g and 1.
1
Let i(n) = 256*n**2 - 9*n - 8. Let s be i(-1). Suppose s*y + 60 = 263*y. Calculate the greatest common divisor of y and 65.
5
Suppose -4*h = -3*a + 784, -5*a + 0*a = -3*h - 1314. Suppose -8*j + 16 = -32. Suppose 0 = j*y - 34 - 110. Calculate the highest common factor of y and a.
24
Suppose -2735 = 18*c + 80*c - 113867. Calculate the greatest common factor of c and 1944.
162
Let k be ((-8)/(-6))/((-11)/(-2376)). What is the highest common factor of 256 and k?
32
Suppose -16*g + 150 + 874 = 0. Suppose h + g = 185. Calculate the greatest common factor of h and 22.
11
Let t = 59 + -83. Let c be (-659)/(-9) + t/108. Suppose -c = -x + 5*o, -5*o - 445 = -4*x - x. Calculate the greatest common factor of x and 31.
31
Let h be ((-2)/1)/4 + (-7475)/(-26). Calculate the greatest common factor of h and 164.
41
Suppose 42112 = 27*c + 29*c. Calculate the highest common factor of 235 and c.
47
Let q = 55 + -205. Let u be ((-780)/q)/(-1*(-1)/15). Calculate the highest common divisor of 195 and u.
39
Let j = 140 + -138. Let u(o) = 9*o + 3. Let n be u(4). Suppose c = j*c - n. What is the highest common factor of 39 and c?
39
Let p(c) = c**3 + 7*c**2 + 6*c + 2. Let x be p(-6). Let i(m) = -m**2 + 2*m + 1. Let y be i(x). Let s = -42 + 51. What is the greatest common factor of y and s?
1
Let s(d) = -d**3 + 3*d**2 + d - 6. Let v be s(-5). Suppose 71*i - 4011 = -170*i + 1050. What is the highest common factor of i and v?
21
Let m = -13 + 17. Suppose 0*n - 3*n = -y + 164, 0 = m*y + 4*n - 608. Suppose -y = -5*x - 45. Calculate the greatest common divisor of 22 and x.
22
Suppose 4*d = l + 16652, 0 = 3*d + 3*l - 17105 + 4646. Calculate the highest common divisor of d and 114.
57
Let x = -20 - -19. Let r be -27 - ((-1)/x - 0). Let n = r - -76. Calculate the highest common factor of n and 96.
48
Suppose -3*d + 8 = -10. Let m be 2/1*(18 + -12). Suppose -47 = m*i - 407. Calculate the greatest common factor of d and i.
6
Let h(j) = 7*j - 4. Let s be h(5). Suppose -157 = -y - s. Suppose 0 = -3*c + r + 40, -3*c + 42 = -2*r + 4. What is the highest common factor of c and y?
14
Let s = -30 + 147. Suppose -3*o + 89 = 4*a, -5*o = -a + 7 - s. Calculate the greatest common divisor of 184 and o.
23
Let q = 140 - 137. Let m = -7 - -9. Suppose m*c - q*n = 80, -2*c = 7*n - 3*n - 52. Calculate the greatest common factor of 51 and c.
17
Let c(u) = 230*u + 850. Let w be c(19). Calculate the greatest common divisor of w and 540.
180
Suppose 0 = -4*y + 16, -3*y + 634 = 3*s - 1034. What is the greatest common divisor of s and 72?
24
Suppose -32*y = 27*y - 599 - 404. What is the greatest common divisor of 1088 and y?
17
Suppose 2*m = 2*s - 70, -2*m + 140 = 4*s - 7*m. Let i be 595 - (3 + 3 + -6). What is the highest common factor of s and i?
35
Let v = -1723 - -1799. What is the highest common factor of v and 247?
19
Let z(w) = w**2 + 3*w - 20. Let o = 524 - 519. Let g be z(o). What is the highest common factor of g and 290?
10
Suppose 5*l - 65 = -5*j, -4*j - 2*l - 51 = -99. Calculate the greatest common factor of 4 and j.
1
Let b be (-560)/(-175)*(-3 - (-4266)/12). What is the highest common divisor of 1269 and b?
141
Let r(u) = u. Let y(t) = -87*t + 15. Let i(h) = -6*r(h) + y(h). Let x be i(-1). What is the greatest common divisor of 4 and x?
4
Suppose -7728*h = -7734*h + 2142. Let g(v) = -v**3 - 8*v**2 - 9*v + 7. Let y be g(-7). Calculate the highest common divisor of h and y.
21
Let z(i) = 83*i**2 + i. Let s be z(1). Suppose -3*l - p + 19 = -5*p, 5*l = p + 26. Suppose -l*m = 422 - 1472. What is the greatest common factor of s and m?
42
Let j(b) = -4*b**3 + 64*b**2 + 70*b + 10. Let v be j(17). What is the highest common divisor of 462 and v?
22
Let z be (-11)/(44/(-24))*14. Suppose -4*i + 0 = -z. Let p be (-7)/(4/96*-2). What is the greatest common factor of p and i?
21
Let j(t) = -5*t. Let x be j(5). Let r = 45 + x. Let g(p) = p**2 - 29*p - 2860. Let o be g(70). Calculate the highest common factor of r and o.
10
Let p be -423 + 430 + (1224 - -1). Calculate the greatest common factor of p and 231.
77
Suppose 42 + 158 = 5*w. Let i = 31 + 12. Let t = i - 23. What is the greatest common factor of t and w?
20
Suppose -12 = 3*v, 2*v - 3 = 3*s + 4. Let t(m) = 4*m**2 + m + 25. Let j be t(s). What is the greatest common divisor of j and 15?
15
Let n = 40 + -21. Let c = 110 + -87. Suppose -20 = n*r - c*r. What is the highest common divisor of r and 40?
5
Suppose u = 4, 3*t - 3502 = -6*u - 1108. What is the greatest common factor of t and 5?
5
Let c(u) = 21*u - 168. Let j be c(9). What is the highest common divisor of j and 2919?
21
Let w = 10140 + -9971. What is the highest common divisor of 13 and w?
13
Let j be 4 - (-10 + 9 - (4 - -135)). Calculate the highest common factor of 1104 and j.
48
Let r = 198 - 190. Let z be (32/r*77)/2. What is the highest common divisor of z and 55?
11
Suppose 6*m + 12 = -6. Let w(h) = -h**3 + 2*h**2 + 2*h - 4. Let i be w(m). Suppose 123 - 753 = -2*l. Calculate the greatest common factor of i and l.
35
Suppose -395*g = -406*g + 29502. Calculate the highest common factor of 18 and g.
18
Suppose -2*a + 788 = -3886. Calculat